{"id":650,"date":"2024-04-16T20:09:48","date_gmt":"2024-04-17T02:09:48","guid":{"rendered":"https:\/\/avilavera.com\/?page_id=650"},"modified":"2025-08-02T22:59:25","modified_gmt":"2025-08-03T04:59:25","slug":"calculadoras","status":"publish","type":"page","link":"https:\/\/avilavera.com\/index.php\/calculadoras\/","title":{"rendered":"Calculadoras"},"content":{"rendered":"<p>[et_pb_section fb_built=\u00bb1&#8243; admin_label=\u00bbHeader\u00bb _builder_version=\u00bb4.16&#8243; use_background_color_gradient=\u00bbon\u00bb background_color_gradient_stops=\u00bbrgba(0,19,46,0.6) 0%|rgba(0,19,46,0.6) 100%\u00bb background_color_gradient_overlays_image=\u00bbon\u00bb background_color_gradient_start=\u00bbrgba(0,19,46,0.6)\u00bb background_color_gradient_end=\u00bbrgba(0,19,46,0.6)\u00bb background_image=\u00bbhttps:\/\/avilavera.com\/wp-content\/uploads\/2024\/04\/financial-advisor-46.jpg\u00bb custom_padding=\u00bb||||false|false\u00bb locked=\u00bboff\u00bb global_colors_info=\u00bb{}\u00bb][et_pb_row _builder_version=\u00bb4.16&#8243; global_colors_info=\u00bb{}\u00bb][et_pb_column type=\u00bb4_4&#8243; _builder_version=\u00bb4.16&#8243; global_colors_info=\u00bb{}\u00bb][et_pb_text _builder_version=\u00bb4.16&#8243; header_font=\u00bbDarker Grotesque|900|||||||\u00bb header_font_size=\u00bb100px\u00bb background_layout=\u00bbdark\u00bb max_width=\u00bb760px\u00bb custom_margin=\u00bb||||false|false\u00bb header_font_size_tablet=\u00bb70px\u00bb header_font_size_phone=\u00bb60px\u00bb header_font_size_last_edited=\u00bbon|phone\u00bb global_colors_info=\u00bb{}\u00bb]<\/p>\n<h1>Calculadoras<\/h1>\n<p>[\/et_pb_text][\/et_pb_column][\/et_pb_row][\/et_pb_section][et_pb_section fb_built=\u00bb1&#8243; admin_label=\u00bbCategories\u00bb _builder_version=\u00bb4.16&#8243; background_image=\u00bbhttps:\/\/avilavera.com\/wp-content\/uploads\/2024\/04\/financial-advisor-background-4.png\u00bb background_size=\u00bbinitial\u00bb background_position=\u00bbbottom_center\u00bb global_colors_info=\u00bb{}\u00bb][et_pb_row column_structure=\u00bb1_3,1_3,1_3&#8243; _builder_version=\u00bb4.24.3&#8243; locked=\u00bboff\u00bb global_colors_info=\u00bb{}\u00bb][et_pb_column type=\u00bb1_3&#8243; _builder_version=\u00bb4.24.3&#8243; background_color=\u00bb#283444&#8243; custom_padding=\u00bb50px|30px|50px|30px|true|true\u00bb link_option_url=\u00bbhttps:\/\/despacho-avila-vera.firebaseapp.com\/vat-calculators\u00bb link_option_url_new_window=\u00bbon\u00bb global_colors_info=\u00bb{}\u00bb][et_pb_blurb title=\u00bbCalcula el importe y las retenciones de tus facturas\u00bb image=\u00bbhttps:\/\/avilavera.com\/wp-content\/uploads\/2024\/04\/financial-advisor-icon-9-2.png\u00bb icon_alignment=\u00bbleft\u00bb _builder_version=\u00bb4.27.4&#8243; header_font=\u00bbDarker Grotesque|900|||||||\u00bb header_text_color=\u00bb#ddccb8&#8243; header_font_size=\u00bb36px\u00bb body_font=\u00bbDarker Grotesque|600|||||||\u00bb body_text_color=\u00bb#ddccb8&#8243; body_font_size=\u00bb18px\u00bb body_line_height=\u00bb1.4em\u00bb animation=\u00bboff\u00bb hover_enabled=\u00bb0&#8243; header_font_size_tablet=\u00bb30px\u00bb header_font_size_phone=\u00bb24px\u00bb header_font_size_last_edited=\u00bbon|phone\u00bb global_colors_info=\u00bb{}\u00bb sticky_enabled=\u00bb0&#8243;]<\/p>\n<p style=\"text-align: justify;\">Te ayudamos a determinar el importe y las diferentes retenciones para llegar a la cantidad final que deseas cobrar o pagar, solo coloca lo que deseas cobrar o pagar y te dira el importe, IVA, Retenci\u00f3n de ISR y la Retenci\u00f3n de IVA.<\/p>\n<p>[\/et_pb_blurb][et_pb_button button_url=\u00bb@ET-DC@eyJkeW5hbWljIjp0cnVlLCJjb250ZW50IjoicG9zdF9saW5rX3VybF9wYWdlIiwic2V0dGluZ3MiOnsicG9zdF9pZCI6IjcwMyJ9fQ==@\u00bb url_new_window=\u00bbon\u00bb button_text=\u00bbIngresar\u00bb button_alignment=\u00bbcenter\u00bb _builder_version=\u00bb4.24.3&#8243; _dynamic_attributes=\u00bbbutton_url\u00bb _module_preset=\u00bbdefault\u00bb custom_button=\u00bbon\u00bb button_text_size=\u00bb16px\u00bb button_text_color=\u00bb#FFFFFF\u00bb button_bg_color=\u00bbRGBA(255,255,255,0)\u00bb button_border_color=\u00bb#FFFFFF\u00bb button_border_radius=\u00bb15px\u00bb button_letter_spacing=\u00bb1px\u00bb custom_margin=\u00bb|||0px|false|false\u00bb global_colors_info=\u00bb{}\u00bb][\/et_pb_button][\/et_pb_column][et_pb_column type=\u00bb1_3&#8243; _builder_version=\u00bb4.16&#8243; background_color=\u00bb#ddccb8&#8243; custom_padding=\u00bb50px|30px|50px|30px|true|true\u00bb global_colors_info=\u00bb{}\u00bb][et_pb_blurb title=\u00bbOptimiza tu facturaci\u00f3n con nosotros\u00bb image=\u00bbhttps:\/\/avilavera.com\/wp-content\/uploads\/2023\/07\/financial-advisor-icon-10-2.png\u00bb icon_alignment=\u00bbleft\u00bb _builder_version=\u00bb4.27.4&#8243; header_font=\u00bbDarker Grotesque|900|||||||\u00bb header_text_color=\u00bb#283444&#8243; header_font_size=\u00bb36px\u00bb body_font=\u00bbDarker Grotesque|600|||||||\u00bb body_text_color=\u00bb#283444&#8243; body_font_size=\u00bb18px\u00bb body_line_height=\u00bb1.4em\u00bb animation=\u00bboff\u00bb hover_enabled=\u00bb0&#8243; header_font_size_tablet=\u00bb30px\u00bb header_font_size_phone=\u00bb24px\u00bb header_font_size_last_edited=\u00bbon|phone\u00bb locked=\u00bboff\u00bb global_colors_info=\u00bb{}\u00bb sticky_enabled=\u00bb0&#8243;]<\/p>\n<p style=\"text-align: justify;\"><span>Ajusta los par\u00e1metros fiscales y calcula tus impuestos sobre facturas de manera r\u00e1pida y precisa. \u00a1Maximiza tu eficiencia financiera ahora!<\/span><\/p>\n<p>[\/et_pb_blurb][\/et_pb_column][et_pb_column type=\u00bb1_3&#8243; _builder_version=\u00bb4.16&#8243; background_color=\u00bb#f8f5f1&#8243; custom_padding=\u00bb50px|30px|50px|30px|true|true\u00bb global_colors_info=\u00bb{}\u00bb][et_pb_blurb title=\u00bbPlanifica tu estrategia fiscal\u00bb image=\u00bbhttps:\/\/avilavera.com\/wp-content\/uploads\/2024\/04\/financial-advisor-icon-71x.png\u00bb icon_alignment=\u00bbleft\u00bb _builder_version=\u00bb4.27.4&#8243; header_font=\u00bbDarker Grotesque|900|||||||\u00bb header_text_color=\u00bb#283444&#8243; header_font_size=\u00bb36px\u00bb body_font=\u00bbDarker Grotesque|600|||||||\u00bb body_text_color=\u00bb#283444&#8243; body_font_size=\u00bb18px\u00bb body_line_height=\u00bb1.4em\u00bb animation=\u00bboff\u00bb hover_enabled=\u00bb0&#8243; header_font_size_tablet=\u00bb30px\u00bb header_font_size_phone=\u00bb24px\u00bb header_font_size_last_edited=\u00bbon|phone\u00bb locked=\u00bboff\u00bb global_colors_info=\u00bb{}\u00bb sticky_enabled=\u00bb0&#8243;]<\/p>\n<p style=\"text-align: justify;\"><span>Anticipa tus obligaciones fiscales y toma decisiones financieras inteligentes. Calcula el IVA, ISR y retenciones con nuestra herramienta f\u00e1cil de usar. \u00a1Empod\u00e9rate financieramente hoy!<\/span><\/p>\n<p>[\/et_pb_blurb][\/et_pb_column][\/et_pb_row][\/et_pb_section]<\/p>\n","protected":false},"excerpt":{"rendered":"<p>CalculadorasTe ayudamos a determinar el importe y las diferentes retenciones para llegar a la cantidad final que deseas cobrar o pagar, solo coloca lo que deseas cobrar o pagar y te dira el importe, IVA, Retenci\u00f3n de ISR y la Retenci\u00f3n de IVA.Ajusta los par\u00e1metros fiscales y calcula tus impuestos sobre facturas de manera r\u00e1pida [&hellip;]<\/p>\n","protected":false},"author":1,"featured_media":0,"parent":0,"menu_order":0,"comment_status":"closed","ping_status":"closed","template":"","meta":{"_et_pb_use_builder":"on","_et_pb_old_content":"","_et_gb_content_width":"","footnotes":""},"class_list":["post-650","page","type-page","status-publish","hentry"],"aioseo_notices":[],"jetpack_sharing_enabled":true,"jetpack_likes_enabled":false,"_links":{"self":[{"href":"https:\/\/avilavera.com\/index.php\/wp-json\/wp\/v2\/pages\/650","targetHints":{"allow":["GET"]}}],"collection":[{"href":"https:\/\/avilavera.com\/index.php\/wp-json\/wp\/v2\/pages"}],"about":[{"href":"https:\/\/avilavera.com\/index.php\/wp-json\/wp\/v2\/types\/page"}],"author":[{"embeddable":true,"href":"https:\/\/avilavera.com\/index.php\/wp-json\/wp\/v2\/users\/1"}],"replies":[{"embeddable":true,"href":"https:\/\/avilavera.com\/index.php\/wp-json\/wp\/v2\/comments?post=650"}],"version-history":[{"count":9,"href":"https:\/\/avilavera.com\/index.php\/wp-json\/wp\/v2\/pages\/650\/revisions"}],"predecessor-version":[{"id":1119,"href":"https:\/\/avilavera.com\/index.php\/wp-json\/wp\/v2\/pages\/650\/revisions\/1119"}],"wp:attachment":[{"href":"https:\/\/avilavera.com\/index.php\/wp-json\/wp\/v2\/media?parent=650"}],"curies":[{"name":"wp","href":"https:\/\/api.w.org\/{rel}","templated":true}]}}